{"id":2,"date":"2016-09-07T02:33:22","date_gmt":"2016-09-07T00:33:22","guid":{"rendered":"http:\/\/vernonduguay.com\/?page_id=2"},"modified":"2022-07-20T18:46:19","modified_gmt":"2022-07-20T16:46:19","slug":"page-d-exemple","status":"publish","type":"page","link":"https:\/\/vernonduguay.com\/?page_id=2","title":{"rendered":"Biographie"},"content":{"rendered":"<p style=\"text-align: justify;\">N\u00e9 a Tracadie, Nouveau-Brunswick d&rsquo;un peuple sans pays, sans fronti\u00e8res, aux accents d&rsquo;hier.<\/p>\n<p style=\"text-align: justify;\"><img loading=\"lazy\" class=\" wp-image-29 alignright\" src=\"https:\/\/vernonduguay.com\/wp-content\/uploads\/2016\/09\/Vernon-St-BC-153x300.png\" alt=\"vernon-st-bc\" width=\"168\" height=\"329\" srcset=\"https:\/\/vernonduguay.com\/wp-content\/uploads\/2016\/09\/Vernon-St-BC-153x300.png 153w, https:\/\/vernonduguay.com\/wp-content\/uploads\/2016\/09\/Vernon-St-BC-230x452.png 230w, https:\/\/vernonduguay.com\/wp-content\/uploads\/2016\/09\/Vernon-St-BC.png 287w\" sizes=\"(max-width: 168px) 100vw, 168px\" \/><\/p>\n<p style=\"text-align: left;\">Aut\\comp\\int \u00e0 d\u00e9m\u00e9nag\u00e9 \u00e0 Montr\u00e9al, Qu\u00e9bec en 1980 pour fonder le groupe \u00a0\u00bbMots passants\u00a0\u00bb avec Jean-Guy Cloutier et Pierre Raymond.<\/p>\n<p style=\"text-align: left;\">Aujourd&rsquo;hui de retour dans son Acadie natale apr\u00e8s l&rsquo;album \u00a0\u00bbJe suis.com\u00a0\u00bb il propose son deuxi\u00e8me album solo \u00a0\u00bbDuguayville\u00a0\u00bb<\/p>\n","protected":false},"excerpt":{"rendered":"<p>N\u00e9 a Tracadie, Nouveau-Brunswick d&rsquo;un peuple sans pays, sans fronti\u00e8res, aux accents d&rsquo;hier. Aut\\comp\\int \u00e0 d\u00e9m\u00e9nag\u00e9 \u00e0 Montr\u00e9al, Qu\u00e9bec en 1980 pour fonder le groupe \u00a0\u00bbMots passants\u00a0\u00bb avec Jean-Guy Cloutier et Pierre Raymond. Aujourd&rsquo;hui de retour dans son Acadie natale apr\u00e8s l&rsquo;album \u00a0\u00bbJe suis.com\u00a0\u00bb il propose son deuxi\u00e8me album solo \u00a0\u00bbDuguayville\u00a0\u00bb<\/p>\n","protected":false},"author":1,"featured_media":0,"parent":0,"menu_order":0,"comment_status":"closed","ping_status":"open","template":"page-templates\/page_fullwidth.php","meta":{"sfsi_plus_gutenberg_text_before_share":"","sfsi_plus_gutenberg_show_text_before_share":"","sfsi_plus_gutenberg_icon_type":"","sfsi_plus_gutenberg_icon_alignemt":"","sfsi_plus_gutenburg_max_per_row":""},"_links":{"self":[{"href":"https:\/\/vernonduguay.com\/index.php?rest_route=\/wp\/v2\/pages\/2"}],"collection":[{"href":"https:\/\/vernonduguay.com\/index.php?rest_route=\/wp\/v2\/pages"}],"about":[{"href":"https:\/\/vernonduguay.com\/index.php?rest_route=\/wp\/v2\/types\/page"}],"author":[{"embeddable":true,"href":"https:\/\/vernonduguay.com\/index.php?rest_route=\/wp\/v2\/users\/1"}],"replies":[{"embeddable":true,"href":"https:\/\/vernonduguay.com\/index.php?rest_route=%2Fwp%2Fv2%2Fcomments&post=2"}],"version-history":[{"count":2,"href":"https:\/\/vernonduguay.com\/index.php?rest_route=\/wp\/v2\/pages\/2\/revisions"}],"predecessor-version":[{"id":202,"href":"https:\/\/vernonduguay.com\/index.php?rest_route=\/wp\/v2\/pages\/2\/revisions\/202"}],"wp:attachment":[{"href":"https:\/\/vernonduguay.com\/index.php?rest_route=%2Fwp%2Fv2%2Fmedia&parent=2"}],"curies":[{"name":"wp","href":"https:\/\/api.w.org\/{rel}","templated":true}]}}